
-220
In base 6, what is -151 + -3020?
-3211
In base 15, what is 0 + -6139?
-6139
In base 10, what is 84 - -180?
264
In base 5, what is -1 - -3104334?
3104333
In base 14, what is -d8 - 24b9?
-25b3
In base 13, what is -4 - -25146?
25142
In base 11, what is -30 - -7611?
7591
In base 7, what is 6041 - 122?
5616
In base 6, what is 104115 + 43?
104202
In base 10, what is 42 - 42814?
-42772
In base 13, what is 7 - -213c8?
21402
In base 12, what is 4bb12 + 0?
4bb12
In base 6, what is 54 + 440422?
440520
In base 7, what is 2520 - 20?
2500
In base 12, what is 6b85 + 4?
6b89
In base 12, what is 15 - 107637?
-107622
In base 14, what is 99 - -2a3?
35c
In base 7, what is -35 + -101360?
-101425
In base 7, what is 666502 + 1?
666503
In base 13, what is -3 + -15a76a?
-15a770
In base 8, what is -144 - -6542?
6376
In base 9, what is 1042 - 64?
867
In base 11, what is 3 - 20528?
-20525
In base 7, what is -20 + -6401?
-6421
In base 6, what is 13310 + 21?
13331
In base 13, what is 27 + 4b0?
507
In base 3, what is 1122122000102 + -10?
1122122000022
In base 5, what is -40 + 1214?
1124
In base 6, what is -4445101 - 0?
-4445101
In base 14, what is -1d216a + -3?
-1d216d
In base 15, what is -42 - -43c?
3ea
In base 10, what is -6671 - -5?
-6666
In base 13, what is 3 - 384504?
-384501
In base 14, what is 0 - -1b1d1?
1b1d1
In base 15, what is -614 - -5e5?
-1e
In base 3, what is 12 - 111001200002?
-111001122220
In base 10, what is 24 + 654?
678
In base 16, what is -becaa2 - 4?
-becaa6
In base 14, what is -14 + b4?
a0
In base 13, what is -39465 + 4?
-39461
In base 2, what is 10010 - -11000110001?
11001000011
In base 10, what is 59 + 9988?
10047
In base 9, what is -181 + 57884?
57703
In base 3, what is -11012112 + -122?
-11020011
In base 8, what is 4713 + -216?
4475
In base 6, what is 1023043 + 4?
1023051
In base 16, what is 3 - 2b56?
-2b53
In base 2, what is -1000 + -111110111100111100?
-111110111101000100
In base 16, what is d0 + 14?
e4
In base 10, what is 509398 + 4?
509402
In base 5, what is 22144022 + -10?
22144012
In base 15, what is 4 - bd09?
-bd05
In base 5, what is -1111 + 101144?
100033
In base 7, what is 24344 - 2?
24342
In base 3, what is -212202 + -20?
-212222
In base 6, what is -2553241 + -20?
-2553301
In base 4, what is -2 - -11132211332?
11132211330
In base 10, what is 174556 + -5?
174551
In base 9, what is -886454 - 4?
-886458
In base 3, what is -112200002 - -2201?
-112120101
In base 4, what is -21012 - 220?
-21232
In base 2, what is -11010111 + 110101100?
11010101
In base 4, what is 101 + 121003?
121110
In base 10, what is -126 + -1395?
-1521
In base 14, what is 4 - -68d3?
68d7
In base 13, what is b - -4b5c1?
4b5cc
In base 8, what is 7475 + -167?
7306
In base 8, what is -3 + 33513?
33510
In base 14, what is -363271 + -2?
-363273
In base 10, what is 0 - 24425?
-24425
In base 16, what is 0 + 393?
393
In base 8, what is -11423 + -7?
-11432
In base 9, what is -24686 + 5?
-24681
In base 5, what is 110332244 - 1?
110332243
In base 6, what is -2 - 2520541?
-2520543
In base 10, what is 0 + 30990?
30990
In base 4, what is -220 + -31022?
-31302
In base 10, what is -1992 - -85?
-1907
In base 7, what is -262 - -1235?
643
In base 2, what is 11010000011010100 - -100?
11010000011011000
In base 8, what is -3 + 10400?
10375
In base 14, what is 0 - -116680?
116680
In base 14, what is -1c99d + 1?
-1c99c
In base 5, what is -1143033 + -44?
-1143132
In base 13, what is 6 + -2c59?
-2c53
In base 9, what is -38 - -113?
64
In base 11, what is 9 + 33610?
33619
In base 10, what is 0 - 15066?
-15066
In base 6, what is -5 + 120403?
120354
In base 2, what is -1 + -110010110000000011011?
-110010110000000011100
In base 15, what is 979aa + -3?
979a7
In base 5, what is -14024402 + -2?
-14024404
In base 15, what is 5d3 + -444?
18e
In base 16, what is -4b430 - -5?
-4b42b
In base 5, what is 32 + -11134?
-11102
In base 5, what is -10 - -131400040?
131400030
In base 14, what is -12581 - -50?
-12531
In base 14, what is -74a75 + 1?
-74a74
In base 14, what is 2979 - d?
296a
In base 2, what is -1110 - 1000010010000101001?
-1000010010000110111
In base 6, what is -144 - -1000543?
1000355
In base 8, what is 1337 + 24?
1363
In base 16, what is -3 + -1b791?
-1b794
In base 6, what is -255 - 115?
-414
In base 6, what is -22313114 - -4?
-22313110
In base 9, what is -5 + -1257?
-1263
In base 6, what is 120 + 35505?
40025
In base 4, what is -11123301111 + -10?
-11123301121
In base 14, what is -10 - 7dc0b?
-7dc1b
In base 5, what is 43232 - 0?
43232
In base 10, what is 3 - -25505?
25508
In base 10, what is 171234 + -1?
171233
In base 4, what is 2 - -100110001?
100110003
In base 5, what is 4 - 422110?
-422101
In base 8, what is -252 - 1244?
-1516
In base 9, what is 802272 - 2?
802270
In base 9, what is -3 - -30534?
30531
In base 8, what is -12771 - -1?
-12770
In base 5, what is -3130 + 44?
-3031
In base 15, what is -2 - -1c30?
1c2d
In base 3, what is -2201 + 12121111?
12111210
In base 5, what is -2424304 - 10?
-2424314
In base 3, what is 0 - 11010202?
-11010202
In base 2, what is 1011110 + -1010011?
1011
In base 2, what is 1001100000000010 - -101?
1001100000000111
In base 12, what is -397 + -50?
-427
In base 6, what is -142142 - 200?
-142342
In base 9, what is 1108 - -3?
1112
In base 2, what is -10100110011110 - 11011?
-10100110111001
In base 15, what is 5 - 242c1?
-242bb
In base 3, what is 0 + 11220210?
11220210
In base 6, what is 12340321 - -4?
12340325
In base 4, what is 10110 - 32323?
-22213
In base 15, what is 2 - -a502?
a504
In base 9, what is -667 + -323?
-1101
In base 12, what is -13 + ba06?
b9b3
In base 7, what is -3 + 1201063?
1201060
In base 3, what is -101212 + -1220?
-110202
In base 7, what is 2055 + 4404?
6462
In base 16, what is 334b + -3e?
330d
In base 7, what is -4 - 50334?
-50341
In base 7, what is 2153 + -156?
1664
In base 2, what is 10011 + 11101110000001?
11101110010100
In base 6, what is -1212322 + 133?
-1212145
In base 9, what is 120431 - -15?
120446
In base 6, what is 2350 + -1550?
400
In base 7, what is -121 - -1242?
1121
In base 16, what is -6378d - 3?
-63790
In base 9, what is -36405 - -1?
-36404
In base 11, what is 5 + -1069a2?
-106998
In base 15, what is 1c7b7a + 5?
1c7b80
In base 12, what is 4 - 395858?
-395854
In base 3, what is -10121020 + -211?
-10122001
In base 16, what is 515 - -5?
51a
In base 7, what is -134446 - 6?
-134455
In base 13, what is 1b98 + 59c?
2467
In base 4, what is 122 + -31323002?
-31322220
In base 8, what is 62536 + -4?
62532
In base 7, what is 164 - -220466?
220663
In base 4, what is 211133 + 203?
212002
In base 3, what is -1120121 + -11?
-1120202
In base 4, what is 23200 + 10021?
33221
In base 8, what is -751 - 22?
-773
In base 6, what is -23 - -2151214?
2151151
In base 10, what is -126 + 249?
123
In base 11, what is 1492 + -1124?
369
In base 3, what is -211210 + 11222?
-122211
In base 11, what is -27815 - 2?
-27817
In base 16, what is 1972b + -4?
19727
In base 12, what is -184777 + -2?
-184779
In base 7, what is 2 - -11203?
11205
In base 9, what is 85104 - 40?
85054
In base 8, what is -4 - -343236?
343232
In base 16, what is -a + -47b2?
-47bc
In base 9, what is -114 - 23?
-137
In base 13, what is 24 + -120a?
-11b6
In base 16, what is 2fc + eb?
3e7
In base 5, what is 1 + 2122433?
2122434
In base 4, what is 12 - -2332131211?
2332131223
In base 5, what is -134 + 101211?
101022
In base 11, what is -48 + 39748?
39700
In base 15, what is 0 - 6b63?
-6b63
In base 11, what is 2 - -885a8?
885aa
In base 5, what is -312 + 214103?
213241
In base 4, what is 232 + -13000?
-12102
In base 3, what is 2 - 1020201110?
-1020201101
In base 8, what is -50217 + 4?
-50213
In base 5, what is 130 + -1114?
-434
In base 9, what is 2 + 380730?
380732
In base 6, what is -100304 - -1?
-100303
In base 7, what is 42 - 463351?
-463306
In base 2, what is 100011001111111 + 11010111?
100011101010110
In base 11, what is 23 - -4597?
460a
In base 12, what is -1 + a85?
a84
In base 16, what is -5 - -2a7c7?
2a7c2
In base 8, what is 2477 - 34?
2443
In base 2, what is -1100010110011 - 1000?
-1100010111011
In base 6, what is 15 - 355114?
-355055
In base 8, what is -4 + -27134?
-27140
In base 11, what is 56 - -32?
88
In base 4, what is 110022230 - -220?
110023110
In base 5, what is -12 + 3133?
3121
In 